{"id":15366,"date":"2025-06-16T06:25:00","date_gmt":"2025-06-16T06:25:00","guid":{"rendered":"https:\/\/www.utvm.edu.mx\/?page_id=15366"},"modified":"2026-03-31T11:02:18","modified_gmt":"2026-03-31T17:02:18","slug":"maestria-en-desarrollo-turistico-y-gastronomico-sustentable","status":"publish","type":"page","link":"https:\/\/www.utvm.edu.mx\/index.php\/maestria-en-desarrollo-turistico-y-gastronomico-sustentable\/","title":{"rendered":"Maestr\u00eda en Desarrollo Tur\u00edstico y Gastron\u00f3mico Sustentable"},"content":{"rendered":"","protected":false},"excerpt":{"rendered":"","protected":false},"author":1,"featured_media":0,"parent":0,"menu_order":0,"comment_status":"closed","ping_status":"closed","template":"","meta":{"footnotes":""},"class_list":["post-15366","page","type-page","status-publish","hentry"],"_links":{"self":[{"href":"https:\/\/www.utvm.edu.mx\/index.php\/wp-json\/wp\/v2\/pages\/15366","targetHints":{"allow":["GET"]}}],"collection":[{"href":"https:\/\/www.utvm.edu.mx\/index.php\/wp-json\/wp\/v2\/pages"}],"about":[{"href":"https:\/\/www.utvm.edu.mx\/index.php\/wp-json\/wp\/v2\/types\/page"}],"author":[{"embeddable":true,"href":"https:\/\/www.utvm.edu.mx\/index.php\/wp-json\/wp\/v2\/users\/1"}],"replies":[{"embeddable":true,"href":"https:\/\/www.utvm.edu.mx\/index.php\/wp-json\/wp\/v2\/comments?post=15366"}],"version-history":[{"count":5,"href":"https:\/\/www.utvm.edu.mx\/index.php\/wp-json\/wp\/v2\/pages\/15366\/revisions"}],"predecessor-version":[{"id":17465,"href":"https:\/\/www.utvm.edu.mx\/index.php\/wp-json\/wp\/v2\/pages\/15366\/revisions\/17465"}],"wp:attachment":[{"href":"https:\/\/www.utvm.edu.mx\/index.php\/wp-json\/wp\/v2\/media?parent=15366"}],"curies":[{"name":"wp","href":"https:\/\/api.w.org\/{rel}","templated":true}]}}